 a be c(-6). Let h = a - 34. Let s be -45*(-28 + 12 + 13). Calculate the greatest common divisor of h and s.
15
Let f be (-13 - 1)/((-2)/(-11)). Let y = f - -202. Let z = -13 + y. What is the highest common divisor of 16 and z?
16
Suppose -18 - 9 = -3*z - 3*i, 0 = -4*z + 5*i. Suppose -17*x + z*x = -384. Calculate the greatest common factor of x and 40.
8
Let s = -95 - -55. Let q be (178/8)/((-2)/s). Let c = q + -277. What is the highest common divisor of c and 24?
24
Suppose -5*t + 596 = 56. Suppose -k + 1 = 0, m + 3*k - 8 - 15 = 0. Let y = 32 - m. What is the highest common factor of t and y?
12
Let s = 70 - 68. Suppose -61 = -s*i + 159. Calculate the highest common factor of i and 22.
22
Suppose 4*q = -3*h + 35, 5*h - q = -6*q + 50. Let o = 5 - 0. What is the greatest common divisor of o and h?
5
Let d = 47 + -27. Suppose -4*r - 2*o + 1 = -51, d = 5*o. Calculate the highest common factor of 11 and r.
11
Let w = -799 + 824. Suppose 3*c + 3*p - 515 = -c, -c + 5*p = -100. What is the greatest common factor of w and c?
25
Let o(b) = 34*b**3 + b**2 - b - 1. Let t be o(1). Calculate the highest common divisor of t and 693.
33
Suppose g - q - 34 = 0, -2*g + 68 = -0*q - q. Let k = g - -2. Calculate the highest common divisor of k and 6.
6
Let d = -38 + 68. What is the highest common divisor of d and 255?
15
Let n(a) be the third derivative of a**5/60 - a**4/12 - a**3/3 - 2*a**2. Let p be n(4). Let t = 73 - 43. What is the greatest common factor of p and t?
6
Let v = -226 - -402. Calculate the highest common factor of 88 and v.
88
Let t = -111 - -188. What is the highest common factor of 7 and t?
7
Let q = 43 - 29. Let r = -291 + 319. Calculate the greatest common factor of q and r.
14
Suppose -2*l + 390 = -5*m, 3*l - 3*m + 287 = 872. Calculate the highest common factor of l and 15.
15
Suppose 0*s + s + 18 = 0. Let v = -10 - s. Let x(c) = 3*c - 11. Let q be x(v). What is the greatest common divisor of 13 and q?
13
Let f be (-2 - (-21)/6)*2. Let v = f - 4. Let b be -2 + (0 - -19) + v. What is the greatest common factor of b and 112?
16
Suppose 57*p - 6210 = 51*p. Calculate the greatest common factor of 45 and p.
45
Let g be 8 + -3 + (20 - -9). What is the greatest common factor of 493 and g?
17
Let t = 1174 + -832. What is the highest common factor of 54 and t?
18
Let v(i) = -17*i + 188. Let o be v(11). What is the greatest common factor of 151 and o?
1
Let y(r) = 2*r + 56. Let u be y(-16). What is the highest common factor of 36 and u?
12
Let b be (-135)/(4 - -1) - -1*2. Let w = 28 + b. Calculate the highest common divisor of w and 8.
1
Suppose 4*r - 40 = -r. Let j be (4/6)/(r/1020). Calculate the greatest common factor of j and 34.
17
Suppose -2 = -j + 1. Suppose 0*k = j*k. Let m = k + 1. Calculate the highest common divisor of m and 8.
1
Let w(t) = -t**2 - 5*t + 2. Let c be w(-5). Suppose -c*v + 292 = -12. Calculate the highest common factor of v and 19.
19
Suppose -2*t + 59 = d, -3*t + 4*t + 2*d = 25. Let w(i) = 96*i**2 + 11*i + 8. Let z be w(-1). Calculate the highest common divisor of t and z.
31
Suppose 4*r = 3*r + 12. Suppose -3*l - 15 = -87. Calculate the highest common divisor of l and r.
12
Suppose 5 = -m + 16. Let u = m + -9. Suppose a - 6 = 5*i, -a - 2 = -5*a - u*i. What is the highest common factor of a and 5?
1
Suppose -2*w - 91 = 95. Let f = -41 - w. Let d = f - 28. Calculate the greatest common factor of d and 6.
6
Let z be 873/27 + (-2)/6. Let i(u) = -8*u + z - 28 + 62*u. Let p be i(4). Calculate the greatest common factor of p and 20.
20
Suppose -3*s + 194 = 4*i, 2*s + 2*i - 108 = 18. Let m = s + 176. Suppose -72 = 3*b - m. What is the greatest common divisor of b and 135?
27
Suppose t - 112 = -t - 5*f, -5*t - 5*f + 280 = 0. Let i be 15*560/900*(4 + -1). Calculate the highest common factor of i and t.
28
Let j be (1/((-1)/(-3)))/3. Let y = -26 + 31. Suppose -y*i + f = 4*f - 18, -3*i + 6 = -3*f. Calculate the greatest common divisor of i and j.
1
Let c(b) be the third derivative of -11*b**4/24 + 11*b**3/3 + 48*b**2. Let k be c(-23). Calculate the highest common divisor of k and 55.
55
Suppose 0 = -10*a + 3 - 33. Let x be (332/12 - 0) + (-1)/a. Calculate the highest common divisor of 35 and x.
7
Suppose 2*h + 4*l = 30, 2*h + 3*l - 10 = h. What is the greatest common divisor of 80 and h?
5
Let k = 179 + -178. Let l be (0 - -36)*(k + 76/12). Let d(j) = -j**3 + 24. Let r be d(0). What is the greatest common factor of r and l?
24
Let k(a) = -2*a**3 - 15*a**2 - 10*a - 11. Let h be k(-7). Calculate the greatest common divisor of 890 and h.
10
Let f be 8/12*((0 - 3) + 129). Let c be f + 0 + 4*-1. What is the highest common factor of c and 16?
16
Let f = -1086 + 1101. Let j be (-27)/(-5) - 4/10. What is the greatest common divisor of f and j?
5
Let x(n) = 102*n**2 - n - 1. Let b be x(-2). Let t = b - 283. What is the greatest common divisor of t and 9?
9
Let a = 228 - 224. What is the highest common factor of 172 and a?
4
Let y be ((-2)/6)/((-28)/924). Let z = 5 + -1. Suppose l = -4*v + 5*l + 328, -405 = -5*v + z*l. What is the greatest common divisor of y and v?
11
Suppose -24*z + 119 = -17*z. What is the greatest common divisor of z and 187?
17
Suppose -2*g + 27 = -9. Let b be (-6)/(-8)*48/g. Suppose -3*w = -w - b. Calculate the greatest common divisor of 4 and w.
1
Let f be (-1)/(3/(-6) - 0). Suppose f*z + 2*i - i - 11 = 0, 0 = 2*z - 5*i - 5. Calculate the highest common factor of z and 2.
1
Suppose -11*d = -357 - 798. What is the greatest common factor of d and 35?
35
Suppose 3*i + 0*m - 5*m + 134 = 0, 4*i + 5*m + 237 = 0. Let o = -40 - i. What is the greatest common divisor of 91 and o?
13
Let c(v) = 2*v**2 + v - 70. Let h be c(-7). Suppose 0 = -2*r - 3*r + 945. What is the highest common divisor of h and r?
21
Let q(u) = -u**3 + 7*u**2 - 5*u - 2. Let g be q(6). Let h(y) = 7*y + 8. Let d be h(4). What is the greatest common divisor of g and d?
4
Let n = 86 + -55. Let u = -66 + n. Let l = -25 - u. Calculate the greatest common divisor of l and 20.
10
Let k(x) = -x**2 + 5*x - 2. Let j be k(3). Let y be 108/8 + 2/j. Calculate the greatest common factor of y and 154.
14
Let t(i) = -i**2 + 16*i - 10. Let w be t(8). What is the greatest common divisor of w and 270?
54
Let t(s) = s - 3. Let r be 216/40 + 4/(-10). Suppose r*d + 4*q = 76, 2*d + 4*q = 12 + 28. Let g be t(d). Calculate the highest common factor of 36 and g.
9
Suppose -2*r + 1178 = -4*y + 6*y, -5*y = -20. Suppose p - 4*p = -r. Suppose -5*d - 30 = -p. What is the highest common factor of d and 22?
11
Let c = -95 + 121. Calculate the greatest common factor of 143 and c.
13
Suppose -163 + 16 = -d. Let z be (160/9 - -3) + (-8)/(-36). What is the greatest common factor of d and z?
21
Suppose x - 2 - 65 = 0. Let t = x + -35. Calculate the greatest common divisor of 64 and t.
32
Let z = -27 - -23. Let y be (-2)/z*(-5 - -19). Calculate the greatest common divisor of y and 7.
7
Let b = 45 + -35. Suppose -3*p - 63 = -b*p. What is the highest common factor of p and 27?
9
Let j = 648 + -12. Calculate the greatest common divisor of j and 12.
12
Suppose -2622*v + 2583*v + 546 = 0. Suppose -4 = -5*z + 1. Calculate the highest common divisor of v and z.
1
Suppose 6*d - 82 = 26. What is the highest common divisor of d and 45?
9
Let f be 3/(-1) + 5 + 2. Suppose 7*g - f*g - 3*y - 36 = 0, 15 = 2*g + y. Let x be 12*((-4)/(-2) - -1). Calculate the greatest common factor of g and x.
9
Let o = 12 + -15. Let a(v) = -20*v - 4. Let u be a(o). Suppose -2*w + 4*k - 4 = -16, 0 = -2*w - k + 17. What is the greatest common divisor of u and w?
8
Let l = 499 + -431. Calculate the greatest common factor of 17 and l.
17
Let s be 5/(-3 + (-14)/(-4)). Let n = s + -13. Let i be 3*(-164)/n - 3. What is the greatest common factor of 23 and i?
23
Let p(y) = -y**3 - 3*y**2 + 4*y - 2. Let l be p(-5). Suppose -11*j + 350 = -3038. Calculate the highest common divisor of l and j.
28
Let n be ((-3 + 2)/3)/((-2)/66). Let s(g) = g**2 - 8*g - 5. Let v be s(n). Calculate the highest common divisor of v and 112.
28
Let f be (-14)/70 + 2/10. Suppose -2*x + f*x = -110. What is the greatest common factor of x and 5?
5
Suppose q - 7 = 3. Suppose r - 44 + q = 0. Suppose 374 = -0*g + g. Calculate the highest common divisor of g and r.
